49?
330549
In base 8, what is -6 + -1664655?
-1664663
In base 10, what is -102 + -981291?
-981393
In base 13, what is 8089 + -4521?
3868
In base 15, what is 294c41ee - -2?
294c4201
In base 9, what is 165664328 + 13?
165664342
In base 10, what is 29 - -3797580?
3797609
In base 10, what is -2361 + -3702?
-6063
In base 16, what is -165299 - -7?
-165292
In base 4, what is 22003103203 + -1113?
22003102030
In base 12, what is 6 - 645b08?
-645b02
In base 5, what is -10 + 440343201324?
440343201314
In base 13, what is -8a07c + 175?
-89c07
In base 15, what is -3db2c - -155?
-3d9c7
In base 6, what is 151551302 - -5?
151551311
In base 6, what is -124 + -1444352?
-1444520
In base 13, what is 52716643 - 4?
5271663c
In base 14, what is 3 - -1ac36ab4?
1ac36ab7
In base 15, what is 4bc - -2e?
4eb
In base 5, what is 10 - -110132430223?
110132430233
In base 6, what is 4 + 151150042?
151150050
In base 5, what is 23410 + 221442?
300402
In base 8, what is -7156 - 564207?
-573365
In base 6, what is -153401540 - 145?
-153402125
In base 3, what is -10200011000 - -20110122?
-10102200101
In base 12, what is 341 + -138aa1?
-138760
In base 16, what is c4 + 2a81f?
2a8e3
In base 3, what is 2202110021021021102 + 0?
2202110021021021102
In base 10, what is -1588228 + -3?
-1588231
In base 9, what is -4518 - 118?
-4637
In base 6, what is -10 - 541030554?
-541031004
In base 5, what is 3 + -2130312032?
-2130312024
In base 15, what is 642 + 909?
104b
In base 15, what is -64ba - -50b?
-5eae
In base 2, what is 1001 - 100001001111001000010111?
-100001001111001000001110
In base 4, what is 21122 + -3130233?
-3103111
In base 7, what is 4 - 33430436?
-33430432
In base 16, what is 6b + 29f94?
29fff
In base 11, what is -3955772 - -9?
-3955764
In base 12, what is -3a - 94766?
-947a4
In base 10, what is -156289747 - 3?
-156289750
In base 4, what is -2022232103 + -11?
-2022232120
In base 8, what is 434 + -515046?
-514412
In base 15, what is -3 + 1776614?
1776611
In base 3, what is 122001 - 122021222011?
-122021100010
In base 15, what is -80e31d - -5?
-80e318
In base 15, what is 2 + 2dd1271?
2dd1273
In base 13, what is 35b394a9 + 3?
35b394ac
In base 15, what is -1891 - 19dc?
-337d
In base 11, what is -3a2 - a2998?
-a328a
In base 4, what is 3 - -102033102013311?
102033102013320
In base 11, what is -122 + -1329890?
-1329a02
In base 11, what is -287 - 1a4227?
-1a4503
In base 10, what is -84477990 + 0?
-84477990
In base 16, what is 13 + 1019e14?
1019e27
In base 9, what is -3 + -11461181?
-11461184
In base 3, what is 101010122012221 + -1?
101010122012220
In base 12, what is 8b87 + 851?
9818
In base 8, what is -4 + 27611713?
27611707
In base 11, what is -807 + -460a68?
-461774
In base 3, what is 202212001121001 + -12?
202212001120212
In base 14, what is 5 + 1181a9d?
1181aa4
In base 13, what is 52 + 501?
553
In base 16, what is 3 - 18be0a7?
-18be0a4
In base 10, what is -5469909 + 69?
-5469840
In base 6, what is -1115530 - -1234?
-1114252
In base 14, what is d147b - -40a?
d1887
In base 12, what is b751902 + 5?
b751907
In base 7, what is 22456 + -4433?
15023
In base 14, what is -186d54 + 1?
-186d53
In base 7, what is 216 + 463466?
464015
In base 14, what is -22545735 - -2?
-22545733
In base 10, what is 2445465 - 0?
2445465
In base 5, what is 144432113 + -1221?
144430342
In base 3, what is -1020210100201000 - 1?
-1020210100201001
In base 4, what is -12 + -2322320212?
-2322320230
In base 14, what is 761 + -10a6d?
-1030c
In base 14, what is 43 - 1747d7?
-174794
In base 10, what is -12024406 + 0?
-12024406
In base 13, what is -43671593 - 0?
-43671593
In base 6, what is 11 + 1332010204?
1332010215
In base 6, what is 1015143 - 23033?
552110
In base 12, what is -1 - -4290a081?
4290a080
In base 5, what is 4223032211 + -3?
4223032203
In base 10, what is 104845 - 257?
104588
In base 12, what is -8 + -47a61b?
-47a627
In base 16, what is 4684 - -1cfd?
6381
In base 12, what is -1246ab17 - 1?
-1246ab18
In base 13, what is -36 + 1c3682?
1c3649
In base 11, what is -3 - -22a47a7?
22a47a4
In base 14, what is 40c1 - -2b1?
4392
In base 2, what is -101 + -1000001101001100101010110?
-1000001101001100101011011
In base 14, what is -bc - 23249?
-23327
In base 5, what is 223140413014 + -1?
223140413013
In base 6, what is -340 - 3410420?
-3411200
In base 12, what is 129 - 8a32ab?
-8a3182
In base 4, what is -32 + 2022100113?
2022100021
In base 14, what is 1 + -3592bd?
-3592bc
In base 13, what is -47ca6 - 114?
-480ba
In base 8, what is -21722323 + -2?
-21722325
In base 4, what is -1010301300 - 330?
-1010302230
In base 5, what is -21 - 10414241441?
-10414242012
In base 6, what is -50021 - 402?
-50423
In base 9, what is 277 - 164514?
-164226
In base 10, what is 1540046 + 5?
1540051
In base 9, what is -3 + -4121876?
-4121880
In base 10, what is 7 - 928073?
-928066
In base 6, what is 100 + -230015104?
-230015004
In base 8, what is -16 + -22140434?
-22140452
In base 12, what is -93 - -a83b4?
a8321
In base 11, what is -19 - 2891258?
-2891276
In base 13, what is -c787a66 + -4?
-c787a6a
In base 3, what is 1101211100002021 + 1?
1101211100002022
In base 13, what is -565cb2 - 1?
-565cb3
In base 3, what is 12120212010 - 1002212?
12112202021
In base 15, what is 9049 + 14c?
9196
In base 12, what is -1559 - -2b96?
1639
In base 2, what is 0 - 1011001100101011111111?
-1011001100101011111111
In base 13, what is 3 + -c7772a?
-c77727
In base 10, what is 25072 + -1123?
23949
In base 5, what is 132 + 13041030?
13041212
In base 5, what is -433 - 1001414?
-1002402
In base 12, what is 91 - 104b79?
-104aa8
In base 4, what is -2 - 1231033213?
-1231033221
In base 2, what is 10111011 + -11000110011000101000?
-11000110010101101101
In base 12, what is -2 - 5187901?
-5187903
In base 7, what is 1060655 + -532?
1060123
In base 15, what is 15e1da - 58?
15e182
In base 15, what is -5 + -5be104?
-5be109
In base 5, what is -4140 + 113131?
103441
In base 4, what is -21321330 - 1321332?
-23303322
In base 2, what is -1100111110101000 - 10110111?
-1101000001011111
In base 3, what is -101101101 - 21011021?
-122112122
In base 10, what is 1087 - -8343?
9430
In base 11, what is -19 - -120491?
120473
In base 11, what is 24 + -6a7647?
-6a7623
In base 6, what is -54315204 + 114?
-54315050
In base 15, what is -247a218 - -1?
-247a217
In base 5, what is 10431121004 - 22?
10431120432
In base 3, what is -121 - -2201101222011?
2201101221120
In base 12, what is a7b31892 - -2?
a7b31894
In base 10, what is 2682759 + -11?
2682748
In base 2, what is -11 - 110011011101001010110?
-110011011101001011001
In base 12, what is -97802a124 - -5?
-97802a11b
In base 14, what is 8bda - 50c?
86cc
In base 14, what is 4 - 12731913?
-1273190d
In base 16, what is 19 - -e853a?
e8553
In base 12, what is 197ab0 - -3?
197ab3
In base 14, what is 11 + 307a81b?
307a82c
In base 2, what is 100101 + 11011010100100011?
11011010101001000
In base 2, what is 100 - -110111010110001110?
110111010110010010
In base 16, what is 9c + -1174d?
-116b1
In base 12, what is -4 + 17318909?
17318905
In base 7, what is 3136 - 14230?
-11061
In base 16, what is -126a74e + -1?
-126a74f
In base 5, what is -433303413 + -300?
-433304213
In base 11, what is 0 + -559501?
-559501
In base 11, what is -269782 + -1?
-269783
In base 13, what is -8c7a108 - -3?
-8c7a105
In base 16, what is 19 + -1ecabda?
-1ecabc1
In base 7, what is 164240564 - 24?
164240540
In base 4, what is -20 + 120111230310?
120111230230
In base 14, what is 3d2688 - 13?
3d2675
In base 5, what is -24014200424 + -21?
-24014201000
In base 9, what is 53136701 - 11?
53136680
In base 4, what is -1310221 - 1221?
-1312102
In base 9, what is -5 - 7256805?
-7256811
In base 15, what is 104d742 + -19?
104d728
In base 9, what is 1242 - 52154?
-50812
In base 16, what is -18dd - -38d?
-1550
In base 3, what is 221121020 + -11121?
221102122
In base 16, what is d8 + -eaf09?
-eae31
In base 11, what is -1517805 - -4?
-1517801
In base 15, what is 61a + 890?
eaa
In base 14, what is -534 + -2cd1c?
-2d452
In base 9, what is 15 - 4025787?
-4025772
In base 9, what is -1 + -180351047?
-180351048
In base 15, what is -403605e4 + -3?
-403605e7
In base 13, what is 575711 - -27?
575738
In base 2, what is -1 - -100111101111000110100011?
100111101111000110100010
In base 6, what is 522 + 4235400?
4240322
In ba